 when 6317384 is divided by 137333.
66
What is the remainder when 38868717 is divided by 1094?
1085
Calculate the remainder when 20817732 is divided by 1320.
12
What is the remainder when 2118535 is divided by 510?
505
Calculate the remainder when 28318 is divided by 499.
374
What is the remainder when 2822889 is divided by 469?
447
Calculate the remainder when 438183645 is divided by 2968.
2965
Calculate the remainder when 988257 is divided by 250.
7
Calculate the remainder when 473513 is divided by 535.
38
Calculate the remainder when 123861 is divided by 123848.
13
Calculate the remainder when 2241781 is divided by 711.
709
Calculate the remainder when 24823993 is divided by 1785.
1783
What is the remainder when 12183523 is divided by 2489?
2357
Calculate the remainder when 130771 is divided by 125205.
5566
What is the remainder when 8915217 is divided by 10?
7
Calculate the remainder when 64443998 is divided by 4296264.
38
Calculate the remainder when 106611 is divided by 1536.
627
What is the remainder when 701647 is divided by 54?
25
What is the remainder when 66373 is divided by 826?
293
Calculate the remainder when 16451 is divided by 422.
415
Calculate the remainder when 456254 is divided by 228117.
20
Calculate the remainder when 258055233 is divided by 26.
7
Calculate the remainder when 3977528 is divided by 79550.
28
What is the remainder when 171799416 is divided by 634?
632
Calculate the remainder when 36002604 is divided by 87.
3
What is the remainder when 404004988 is divided by 15?
13
Calculate the remainder when 143300637 is divided by 240.
237
What is the remainder when 10176627 is divided by 498?
495
What is the remainder when 11218947 is divided by 15453?
69
What is the remainder when 13425556 is divided by 1329?
1327
Calculate the remainder when 392929 is divided by 262.
191
Calculate the remainder when 40854 is divided by 3974.
1114
What is the remainder when 1425299 is divided by 118773?
23
Calculate the remainder when 49197 is divided by 1674.
651
Calculate the remainder when 25325975 is divided by 24166.
7
Calculate the remainder when 5702380 is divided by 489.
151
Calculate the remainder when 3557100 is divided by 1778531.
38
What is the remainder when 1837718 is divided by 36?
26
What is the remainder when 289063956 is divided by 4837?
4836
What is the remainder when 858525 is divided by 2?
1
What is the remainder when 12080 is divided by 2750?
1080
What is the remainder when 13209163 is divided by 46675?
138
What is the remainder when 216941 is divided by 178?
137
What is the remainder when 181508 is divided by 60424?
236
Calculate the remainder when 17917452 is divided by 219.
186
What is the remainder when 7692563 is divided by 4351?
4346
What is the remainder when 75407 is divided by 3422?
123
Calculate the remainder when 221593727 is divided by 24.
23
Calculate the remainder when 11017615 is divided by 2754391.
51
What is the remainder when 2478941 is divided by 17455?
331
Calculate the remainder when 1274035 is divided by 106168.
19
Calculate the remainder when 6627536 is divided by 120499.
91
Calculate the remainder when 26255411 is divided by 927.
917
Calculate the remainder when 1018593 is divided by 3257.
2409
Calculate the remainder when 4425362 is divided by 172.
146
Calculate the remainder when 11759994 is divided by 3107.
3106
Calculate the remainder when 46341837 is divided by 15447274.
15
Calculate the remainder when 3713755 is divided by 1121.
1003
What is the remainder when 189598 is divided by 485?
448
Calculate the remainder when 7537407 is divided by 3021.
12
Calculate the remainder when 20616957 is divided by 312.
309
Calculate the remainder when 1314769 is divided by 37563.
64
What is the remainder when 3690 is divided by 1795?
100
Calculate the remainder when 17333 is divided by 3011.
2278
Calculate the remainder when 10214391 is divided by 43.
42
Calculate the remainder when 85705213 is divided by 83.
77
Calculate the remainder when 160730 is divided by 3.
2
What is the remainder when 48764 is divided by 23737?
1290
What is the remainder when 7231791 is divided by 572?
567
What is the remainder when 266130 is divided by 133033?
64
Calculate the remainder when 653333 is divided by 217434.
1031
What is the remainder when 389109 is divided by 78?
45
What is the remainder when 79641 is divided by 4605?
1356
What is the remainder when 1105589149 is divided by 19?
11
What is the remainder when 53010 is divided by 787?
281
What is the remainder when 12398 is divided by 135?
113
Calculate the remainder when 194082182 is divided by 459.
458
What is the remainder when 2086865 is divided by 478?
395
Calculate the remainder when 221437 is divided by 6710.
7
Calculate the remainder when 386404371 is divided by 128801448.
27
Calculate the remainder when 55782 is divided by 2535.
12
What is the remainder when 51011 is divided by 223?
167
What is the remainder when 1896842 is divided by 75826?
1192
What is the remainder when 554606 is divided by 39611?
52
What is the remainder when 74598002 is divided by 10868?
50
Calculate the remainder when 5525 is divided by 5467.
58
Calculate the remainder when 78555 is divided by 75239.
3316
Calculate the remainder when 2330164 is divided by 7640.
7604
What is the remainder when 3526763 is divided by 570?
173
What is the remainder when 9583207 is divided by 295?
132
Calculate the remainder when 78773 is divided by 11007.
1724
What is the remainder when 273576 is divided by 95?
71
Calculate the remainder when 312281 is divided by 1215.
26
Calculate the remainder when 52922 is divided by 317.
300
What is the remainder when 2122188 is divided by 87?
84
What is the remainder when 27001297 is divided by 20?
17
What is the remainder when 1513433 is divided by 26?
25
What is the remainder when 1451338 is divided by 14962?
24
Calculate the remainder when 67545521 is divided by 918.
917
Calculate the remainder when 992114122 is divided by 343.
342
What is the remainder when 7828833 is divided by 153?
129
What is the remainder when 146336 is divided by 146220?
116
Calculate the remainder when 200390597 is divided by 18.
17
Calculate the remainder when 41217434 is divided by 5152178.
10
Calculate the remainder when 2547766 is divided by 636685.
1026
What is the remainder when 14593094 is divided by 83389?
19
Calculate the remainder when 161823 is divided by 420.
123
What is the remainder when 13648754 is divided by 4644?
38
What is the remainder when 226146 is divided by 586?
536
Calculate the remainder when 5080072 is divided by 5080065.
7
Calculate the remainder when 49872633 is divided by 17.
5
What is the remainder when 795961 is divided by 5679?
901
What is the remainder when 22468 is divided by 2286?
1894
What is the remainder when 317523 is divided by 1912?
131
What is the remainder when 4766963 is divided by 49?
47
What is the remainder when 472173 is divided by 471093?
1080
Calculate the remainder when 20984217 is divided by 338455.
7
Calculate the remainder when 6897 is divided by 674.
157
What is the remainder when 2937961 is divided by 1468958?
45
Calculate the remainder when 3959829 is divided by 217.
13
What is the remainder when 4447768 is divided by 2568?
2560
What is the remainder when 540536 is divided by 1890?
1886
What is the remainder when 3653404 is divided by 223?
218
Calculate the remainder when 602126 is divided by 75262.
30
Calculate the remainder when 107273352 is divided by 1327.
1326
Calculate the remainder when 1430026 is divided by 1429759.
267
Calculate the remainder when 8069 is divided by 5591.
2478
What is the remainder when 1860952 is divided by 620317?
1
What is the remainder when 60620667 is divided by 2711?
2707
What is the remainder when 162627639 is divided by 121?
9
What is the remainder when 72255372 is divided by 857?
845
Calculate the remainder when 10866 is divided by 1210.
1186
What is the remainder when 120074 is divided by 70?
24
What is the remainder when 3051055 is divided by 989?
979
Calculate the remainder when 601082 is divided by 239.
236
Calculate the remainder when 2888444 is divided by 36105.
44
What is the remainder when 672005 is divided by 26?
9
What is the remainder when 9674 is divided by 709?
457
What is the rem